What is the greatest common factor of 567 and 94014?
27
Calculate the highest common divisor of 1719 and 66712671.
1719
Calculate the greatest common divisor of 15190434 and 50778.
3906
Calculate the greatest common factor of 102635856 and 384.
48
Calculate the greatest common divisor of 336 and 12217149.
21
Calculate the greatest common factor of 20943046 and 30914.
2378
What is the greatest common divisor of 129860 and 1078140?
3020
Calculate the highest common divisor of 513045 and 780.
195
What is the highest common factor of 11669630 and 210?
70
Calculate the highest common divisor of 27556830 and 2754.
306
What is the greatest common divisor of 61445805 and 60?
15
Calculate the highest common factor of 1969 and 3310247.
179
What is the greatest common factor of 107485944 and 72?
24
What is the greatest common factor of 148 and 183252?
4
What is the greatest common factor of 35498604 and 23648?
2956
What is the highest common factor of 47 and 8611257?
1
What is the highest common factor of 1116293 and 5093?
463
Calculate the greatest common factor of 3264 and 17379066.
102
What is the greatest common divisor of 48 and 1315228728?
24
Calculate the greatest common divisor of 157188032 and 1216.
64
What is the greatest common divisor of 1419829 and 9?
1
What is the greatest common divisor of 52470 and 46167770?
5830
Calculate the greatest common divisor of 32413044 and 6986.
998
Calculate the highest common factor of 18709394 and 8.
2
What is the greatest common factor of 2740125 and 247875?
375
Calculate the greatest common divisor of 2695419 and 2852.
31
Calculate the greatest common factor of 1272 and 8699976.
24
What is the highest common factor of 11982657 and 4087?
61
Calculate the highest common divisor of 13 and 3869177.
13
Calculate the greatest common factor of 1133808 and 1702608.
3792
Calculate the highest common factor of 3070197 and 6565.
13
Calculate the highest common divisor of 285777 and 5094.
9
What is the greatest common divisor of 10275 and 975050?
25
What is the greatest common factor of 1232 and 15511804?
308
What is the highest common divisor of 398649 and 51792?
249
Calculate the highest common factor of 108 and 25688394.
54
Calculate the greatest common factor of 25972 and 3212788.
172
What is the highest common factor of 3985029 and 684?
9
Calculate the highest common factor of 61370625 and 284.
71
Calculate the greatest common factor of 11792836 and 27434.
946
What is the highest common factor of 2032 and 2945638?
254
What is the highest common divisor of 79561196 and 4548?
1516
What is the greatest common divisor of 286 and 12707773?
13
Calculate the greatest common divisor of 59 and 61880380.
59
What is the highest common factor of 144 and 593694?
18
What is the greatest common factor of 182 and 3272899?
7
What is the highest common divisor of 1800 and 972450?
450
What is the greatest common factor of 6578 and 142766?
26
Calculate the highest common divisor of 59976 and 1385874.
2142
What is the highest common divisor of 2625 and 600962250?
2625
What is the greatest common divisor of 292305 and 691039?
1499
Calculate the greatest common divisor of 649568 and 3556512.
1696
Calculate the greatest common divisor of 1539368 and 10808.
1544
What is the highest common factor of 13671912 and 96?
24
Calculate the greatest common divisor of 200677344 and 784.
784
Calculate the highest common factor of 681593826 and 809.
809
Calculate the greatest common factor of 452 and 195686959.
113
Calculate the highest common factor of 16680860 and 38.
38
What is the greatest common factor of 37760 and 39395008?
3776
What is the highest common divisor of 136004 and 1865840?
1124
What is the greatest common divisor of 12005955 and 3510?
1755
What is the greatest common factor of 63368036 and 92?
92
What is the highest common divisor of 2324 and 112893446?
166
Calculate the highest common divisor of 100223 and 14167.
31
Calculate the greatest common factor of 9930416 and 3968.
496
What is the greatest common divisor of 5763 and 422331?
51
What is the highest common factor of 86897 and 2453004?
113
What is the highest common divisor of 2198 and 896332311?
1099
What is the highest common factor of 329160 and 1443?
39
What is the greatest common divisor of 66 and 24004794?
66
Calculate the greatest common factor of 29183362 and 78.
26
Calculate the highest common factor of 2197 and 1755507.
13
What is the greatest common factor of 437393450 and 520?
130
What is the greatest common factor of 62484758 and 2142?
238
What is the highest common divisor of 171 and 4916782?
19
What is the greatest common factor of 17055877 and 3854?
1927
Calculate the greatest common factor of 24 and 117414900.
12
What is the greatest common divisor of 1725306 and 7128?
66
Calculate the highest common factor of 981381701 and 591.
197
Calculate the greatest common divisor of 24822 and 851631.
591
Calculate the greatest common factor of 84131551 and 10293.
3431
What is the highest common factor of 61167500 and 20?
20
Calculate the highest common divisor of 19900016 and 848.
848
What is the greatest common factor of 763014994 and 596?
298
What is the greatest common divisor of 9865 and 26002167?
1973
What is the greatest common divisor of 35640180 and 1167?
1167
Calculate the greatest common divisor of 1215625 and 19125.
125
Calculate the highest common divisor of 455074788 and 42.
42
What is the highest common factor of 28 and 20379296?
28
Calculate the greatest common factor of 90 and 45310.
10
Calculate the greatest common factor of 26152 and 7214683.
3269
What is the highest common factor of 294700 and 308?
28
What is the highest common divisor of 11662740 and 36?
36
What is the greatest common factor of 5661975 and 7775?
25
What is the highest common divisor of 239074 and 334?
2
Calculate the greatest common factor of 429 and 28859181.
39
Calculate the greatest common divisor of 32234673 and 87.
3
Calculate the highest common factor of 12671520 and 480.
480
Calculate the highest common divisor of 82844 and 112312.
556
What is the highest common factor of 8873 and 41971?
19
What is the highest common factor of 738 and 1994706?
18
Calculate the greatest common factor of 2783044 and 16511.
209
What is the greatest common factor of 125477512 and 920?
184
Calculate the highest common factor of 2716 and 131831924.
2716
What is the greatest common factor of 617588 and 12360?
412
Calculate the highest common factor of 92 and 12915052.
92
Calculate the greatest common divisor of 74742966 and 982.
982
What is the greatest common divisor of 432 and 322424352?
144
Calculate the highest common factor of 2840 and 1064.
8
Calculate the highest common divisor of 10115148 and 948.
12
What is the highest common divisor of 84 and 1336419?
21
Calculate the greatest common divisor of 120164821 and 6181.
6181
Calculate the highest common divisor of 186349565 and 115.
115
What is the greatest common factor of 28 and 219590?
14
Calculate the highest common factor of 17212 and 767.
13
Calculate the highest common divisor of 2920599 and 99.
99
Calculate the greatest common divisor of 8525062 and 651.
217
Calculate the highest common factor of 11963728 and 144522.
518
What is the greatest common divisor of 88735064 and 112?
8
What is the greatest common factor of 268694471 and 33019?
4717
Calculate the highest common divisor of 1159641 and 33552.
2097
Calculate the greatest common factor of 1131471 and 726.
363
Calculate the greatest common divisor of 9219276 and 511500.
4092
Calculate the highest common divisor of 34788 and 76686.
6
Calculate the greatest common factor of 11513 and 56492.
29
Calculate the greatest common factor of 31374421 and 15843.
5281
What is the greatest common factor of 5243315 and 9845?
55
Calculate the greatest common divisor of 4692 and 1085232.
276
What is the greatest common divisor of 110849909 and 853?
853
Calculate the greatest common factor of 4432986 and 2934.
18
Calculate the highest common divisor of 462 and 437642128.
154
Calculate the highest common divisor of 5292 and 864171.
63
What is the greatest common factor of 1003995 and 4035?
15
Calculate the greatest common divisor of 4552 and 210574951.
569
Calculate the highest common divisor of 81